{"id":1994,"date":"2024-10-15T08:46:37","date_gmt":"2024-10-15T06:46:37","guid":{"rendered":"https:\/\/www.faenzaceramics.com\/place\/mirco-denicolo\/"},"modified":"2024-10-15T08:46:37","modified_gmt":"2024-10-15T06:46:37","slug":"mirco-denicolo","status":"publish","type":"place","link":"https:\/\/www.faenzaceramics.com\/it\/place\/mirco-denicolo\/","title":{"rendered":"Mirco Denicol\u00f2"},"content":{"rendered":"<p>Nato a Faenza, Mirco Denicol\u00f2 vanta numerose partecipazioni a mostre e premi nazionali e internazionali.<\/p>\n<p>Artista poliedrico, si occupa di grafica e pittura su ceramica, video di ceramica animata, editoria e arte contemporanea. <\/p>\n<p>Tra le varie attivit\u00e0, Mirco Denicol\u00f2 \u00e8 inoltre docente di Modellistica presso l\u2019Istituto Superiore Industrie Artistiche di Faenza.<\/p>\n","protected":false},"featured_media":1995,"template":"","meta":{"_acf_changed":false},"activity":[40],"place-category":[51],"class_list":["post-1994","place","type-place","status-publish","has-post-thumbnail","hentry","activity-produzione-ceramica","place-category-botteghe"],"acf":[],"_links":{"self":[{"href":"https:\/\/www.faenzaceramics.com\/it\/wp-json\/wp\/v2\/place\/1994","targetHints":{"allow":["GET"]}}],"collection":[{"href":"https:\/\/www.faenzaceramics.com\/it\/wp-json\/wp\/v2\/place"}],"about":[{"href":"https:\/\/www.faenzaceramics.com\/it\/wp-json\/wp\/v2\/types\/place"}],"wp:featuredmedia":[{"embeddable":true,"href":"https:\/\/www.faenzaceramics.com\/it\/wp-json\/wp\/v2\/media\/1995"}],"wp:attachment":[{"href":"https:\/\/www.faenzaceramics.com\/it\/wp-json\/wp\/v2\/media?parent=1994"}],"wp:term":[{"taxonomy":"activity","embeddable":true,"href":"https:\/\/www.faenzaceramics.com\/it\/wp-json\/wp\/v2\/activity?post=1994"},{"taxonomy":"place-category","embeddable":true,"href":"https:\/\/www.faenzaceramics.com\/it\/wp-json\/wp\/v2\/place-category?post=1994"}],"curies":[{"name":"wp","href":"https:\/\/api.w.org\/{rel}","templated":true}]}}

Mirco Denicolò

<p>Nato a Faenza, Mirco Denicolò vanta numerose partecipazioni a mostre e premi nazionali e internazionali.</p>
<p>Artista poliedrico, si occupa di grafica e pittura su ceramica, video di ceramica animata, editoria e arte contemporanea. </p>
<p>Tra le varie attività, Mirco Denicolò è inoltre docente di Modellistica presso l’Istituto Superiore Industrie Artistiche di Faenza.</p>
